{"id":1647,"date":"2016-12-02T06:00:07","date_gmt":"2016-12-02T16:30:07","guid":{"rendered":"http:\/\/www.happeningcreation.com\/?page_id=1647"},"modified":"2022-05-08T03:29:04","modified_gmt":"2022-05-08T13:59:04","slug":"1647-2","status":"publish","type":"page","link":"https:\/\/www.happeningcreation.com\/?page_id=1647","title":{"rendered":""},"content":{"rendered":"\t\t<div data-elementor-type=\"wp-post\" data-elementor-id=\"1647\" class=\"elementor elementor-1647\" data-elementor-post-type=\"page\">\n\t\t\t\t\t\t<section class=\"elementor-section elementor-top-section elementor-element elementor-element-tidojqc elementor-section-boxed elementor-section-height-default elementor-section-height-default\" data-id=\"tidojqc\" data-element_type=\"section\" data-e-type=\"section\">\n\t\t\t\t\t\t<div class=\"elementor-container elementor-column-gap-default\">\n\t\t\t\t\t<div class=\"elementor-column elementor-col-100 elementor-top-column elementor-element elementor-element-efnpskf\" data-id=\"efnpskf\" data-element_type=\"column\" data-e-type=\"column\">\n\t\t\t<div class=\"elementor-widget-wrap elementor-element-populated\">\n\t\t\t\t\t\t<div class=\"elementor-element elementor-element-ojnkjmv elementor-widget elementor-widget-image\" data-id=\"ojnkjmv\" data-element_type=\"widget\" data-e-type=\"widget\" data-widget_type=\"image.default\">\n\t\t\t\t<div class=\"elementor-widget-container\">\n\t\t\t\t\t\t\t\t\t\t\t\t\t\t\t<img fetchpriority=\"high\" decoding=\"async\" width=\"584\" height=\"821\" src=\"https:\/\/www.happeningcreation.com\/wp-content\/uploads\/Carmen-Avignon-22-BD.jpg\" class=\"attachment-large size-large wp-image-3296\" alt=\"\" srcset=\"https:\/\/www.happeningcreation.com\/wp-content\/uploads\/Carmen-Avignon-22-BD.jpg 600w, https:\/\/www.happeningcreation.com\/wp-content\/uploads\/Carmen-Avignon-22-BD-214x300.jpg 214w\" sizes=\"(max-width: 584px) 100vw, 584px\" \/>\t\t\t\t\t\t\t\t\t\t\t\t\t\t\t<\/div>\n\t\t\t\t<\/div>\n\t\t\t\t<div class=\"elementor-element elementor-element-pjeiccb elementor-widget elementor-widget-text-editor\" data-id=\"pjeiccb\" data-element_type=\"widget\" data-e-type=\"widget\" data-widget_type=\"text-editor.default\">\n\t\t\t\t<div class=\"elementor-widget-container\">\n\t\t\t\t\t\t\t\t\t<h1 style=\"verdana, sans-serif; font-size: 150%; color: black;\">D&rsquo;apr\u00e8s la nouvelle de Prosper M\u00e9rim\u00e9e et l&rsquo;op\u00e9ra de Georges Bizet.<\/h1><h3 style=\"text-align: center;\"><span style=\"color: #800000;\"><strong>du 7 au 30 juillet 2022 au th\u00e9\u00e2tre des G\u00e9meaux, \u00e0 19h55.<\/strong><\/span><br \/><span style=\"color: #800000;\"><strong>Rel\u00e2ches les 12, 19 et 26 juillet.<\/strong><\/span><\/h3><h1 style=\"verdana, sans-serif; font-size: 120%; color: black;\">Une production Alhambra, Influensc\u00e8nes, th\u00e9\u00e2tre de Saint-Maur, Sc\u00e8ne &amp; Cies.<\/h1><h1 style=\"verdana, sans-serif; font-size: 105%; color: black;\">Avec : MAGALI PALI\u00c8S OU SOPHIE LELEU (CHANT LYRIQUE CARMEN)\/ LUIS DE LA CARRASCA (CHANT FLAMENCO)\/ J\u00c9R\u00d4ME BOUDIN-CLAUZEL (PIANO)\/ JOSE LUIS DOMINGUEZ (GUITARE)\/ BENJAMIN PENAMARIA OU FABRICE LEBERT (COM\u00c9DIEN)\/ ANA PEREZ OU LORI LA ARMENIA (DANSE)\/ KUKY SANTIAGO (DANSE).<\/h1><h2><span style=\"color: #000000;\"><strong>Une mise en sc\u00e8ne Jean-Luc Pali\u00e8s, livret de Louise Doutreligne.\u00a0<\/strong><\/span><\/h2><h1 style=\"verdana, sans-serif; font-size: 115%; color: black;\">CARMEN FLAMENCO est une adaptation pour sept interpr\u00e8tes de l\u2019\u0153uvre c\u00e9l\u00e8bre de Prosper M\u00e9rim\u00e9e et l\u2019op\u00e9ra de Georges Bizet, enrichie de l\u2019art flamenco.<\/h1><p style=\"verdana, sans-serif; font-size: 100%; text-align: justify; color: black;\">Comment faire surgir le Duende qui anime la boh\u00e9mienne la plus connue de la litt\u00e9rature et de l\u2019op\u00e9ra, en faisant se rencontrer deux arts vocaux puissants, lyrique et jondo, illustr\u00e9s par les gestes et mouvements savoureux des \u2018\u2018bailadores\u2019\u2019. Recr\u00e9er une \u00e9criture inspir\u00e9e de la nouvelle de M\u00e9rim\u00e9e, du destin tragique des deux protagonistes Don Jos\u00e9 et Carmen ; amener une dramaturgie tenue et tendue vers le destin, l\u2019ab\u00eeme infernal\u2026<\/p><p><a href=\"http:\/\/www.happeningcreation.com\/wp-content\/uploads\/Carmen-site.jpg\"><img decoding=\"async\" class=\"aligncenter size-full wp-image-1900\" src=\"http:\/\/www.happeningcreation.com\/wp-content\/uploads\/Carmen-site.jpg\" alt=\"\" width=\"600\" height=\"399\" srcset=\"https:\/\/www.happeningcreation.com\/wp-content\/uploads\/Carmen-site.jpg 600w, https:\/\/www.happeningcreation.com\/wp-content\/uploads\/Carmen-site-300x200.jpg 300w, https:\/\/www.happeningcreation.com\/wp-content\/uploads\/Carmen-site-451x300.jpg 451w\" sizes=\"(max-width: 600px) 100vw, 600px\" \/><\/a><\/p><p style=\"verdana, sans-serif; font-size: 100%; text-align: justify; color: black;\">Notre narrateur\u00a0est\u00a0Don Jos\u00e9 (interpr\u00e9t\u00e9 par <strong>Benjamin Penamaria<\/strong>), il introduit l\u2019histoire et assure les transitions narratives entre les diff\u00e9rentes sc\u00e8nes et airs les plus c\u00e9l\u00e8bres, interpr\u00e9t\u00e9s par \u00ab notre \u00bb Carmen : <strong>Magali Paili\u00e8s<\/strong>. Ainsi vous pourrez entendre dans leur version lyrique <strong><em>La Habanera : l\u2019amour est un oiseau rebelle<\/em><\/strong>, <em><strong>Chez mon ami Lilas Pastia, L\u2019Air des tringles,<\/strong> <\/em>etc\u2026<br \/>Mais quel op\u00e9ra se pr\u00eate autant que Carmen \u00e0 des variations et adaptations de ces airs vers l\u2019Art flamenco ? Aucun.<br \/>C\u2019est donc tout naturellement que certains des ces airs, comme en autres <em><strong>la fleur que tu m\u2019avais jet\u00e9e<\/strong><\/em>, ou encore <em><strong>Tor\u00e9ador en garde<\/strong><\/em>, \u00e9voluent en cante jondo et danse Flamenco, interpr\u00e9t\u00e9s par <strong>Luis de la Carrasca<\/strong> (chant), <strong>Kuky Santiago, Ana Perez<\/strong> et <strong>Jose-Luis Dominguez<\/strong> \u00e0 la guitare.<\/p><p><span style=\"color: #000000;\"><strong>Sud-Ouest<\/strong> : \u00ab <em>Un drame merveilleusement racont\u00e9 et chant\u00e9 (&#8230;) Bravos et vivats ont ponctu\u00e9 la fin du spectacle<\/em>. \u00bb <\/span><\/p><p><span style=\"color: #000000;\"><strong>Le Dauphin\u00e9<\/strong> : \u00ab <em>Carmen Flamenco : un tour de force (&#8230;) Magnifique.<\/em> \u00bb<\/span><\/p><p><span style=\"color: #000000;\"><strong>La Provence<\/strong> :\u00a0 \u00ab<em> Un vrai coup de coeur (&#8230;) Un pari ambitieux, mais magistralement gagn\u00e9<\/em>. \u00bb<\/span><\/p><p><span style=\"color: #000000;\"><strong>Froggy&rsquo;s Delight<\/strong> : \u00ab <em>Ces artistes exceptionnels, tous au diapason, embrasent la salle (&#8230;) Une grande est belle r\u00e9ussite pour une originale et ardente Carmen<\/em>. \u00bb<\/span><\/p><h1 style=\"text-align: center;\"><a href=\"https:\/\/www.happeningcreation.com\/wp-content\/uploads\/CARMEN-PHOTOS-DP-FT-ARTICLES2PRESSE.zip\">Dossier, photos et presse.<\/a><\/h1><h1 style=\"text-align: center;\"><strong><span style=\"color: #700303;\">CAPTATION\u00a0 DISPONIBLE<\/span><\/strong><\/h1>\t\t\t\t\t\t\t\t<\/div>\n\t\t\t\t<\/div>\n\t\t\t\t\t<\/div>\n\t\t<\/div>\n\t\t\t\t\t<\/div>\n\t\t<\/section>\n\t\t\t\t<section class=\"elementor-section elementor-top-section elementor-element elementor-element-c11e4ed elementor-section-boxed elementor-section-height-default elementor-section-height-default\" data-id=\"c11e4ed\" data-element_type=\"section\" data-e-type=\"section\">\n\t\t\t\t\t\t<div class=\"elementor-container elementor-column-gap-default\">\n\t\t\t\t\t<div class=\"elementor-column elementor-col-100 elementor-top-column elementor-element elementor-element-5fd0dac\" data-id=\"5fd0dac\" data-element_type=\"column\" data-e-type=\"column\">\n\t\t\t<div class=\"elementor-widget-wrap elementor-element-populated\">\n\t\t\t\t\t\t<div class=\"elementor-element elementor-element-31fa20f elementor-widget elementor-widget-image\" data-id=\"31fa20f\" data-element_type=\"widget\" data-e-type=\"widget\" data-widget_type=\"image.default\">\n\t\t\t\t<div class=\"elementor-widget-container\">\n\t\t\t\t\t\t\t\t\t\t\t\t\t\t\t\t<a href=\"https:\/\/www.youtube.com\/watch?v=OX2yTrYxxK0\" target=\"_blank\">\n\t\t\t\t\t\t\t<img decoding=\"async\" width=\"584\" height=\"330\" src=\"https:\/\/www.happeningcreation.com\/wp-content\/uploads\/Capture3-1024x578.jpg\" class=\"attachment-large size-large wp-image-3171\" alt=\"\" srcset=\"https:\/\/www.happeningcreation.com\/wp-content\/uploads\/Capture3-1024x578.jpg 1024w, https:\/\/www.happeningcreation.com\/wp-content\/uploads\/Capture3-300x169.jpg 300w, https:\/\/www.happeningcreation.com\/wp-content\/uploads\/Capture3-768x434.jpg 768w, https:\/\/www.happeningcreation.com\/wp-content\/uploads\/Capture3-1536x867.jpg 1536w, https:\/\/www.happeningcreation.com\/wp-content\/uploads\/Capture3-500x282.jpg 500w, https:\/\/www.happeningcreation.com\/wp-content\/uploads\/Capture3.jpg 1909w\" sizes=\"(max-width: 584px) 100vw, 584px\" \/>\t\t\t\t\t\t\t\t<\/a>\n\t\t\t\t\t\t\t\t\t\t\t\t\t\t\t<\/div>\n\t\t\t\t<\/div>\n\t\t\t\t\t<\/div>\n\t\t<\/div>\n\t\t\t\t\t<\/div>\n\t\t<\/section>\n\t\t\t\t<\/div>\n\t\t","protected":false},"excerpt":{"rendered":"<p>D&rsquo;apr\u00e8s la nouvelle de Prosper M\u00e9rim\u00e9e et l&rsquo;op\u00e9ra de Georges Bizet. du 7 au 30 juillet 2022 au th\u00e9\u00e2tre des G\u00e9meaux, \u00e0 19h55.Rel\u00e2ches les 12, 19 et 26 juillet. Une production Alhambra, Influensc\u00e8nes, th\u00e9\u00e2tre de Saint-Maur, Sc\u00e8ne &amp; Cies. Avec &hellip; <a href=\"https:\/\/www.happeningcreation.com\/?page_id=1647\">Continuer la lecture <span class=\"meta-nav\">&rarr;<\/span><\/a><\/p>\n","protected":false},"author":1,"featured_media":0,"parent":0,"menu_order":0,"comment_status":"closed","ping_status":"closed","template":"","meta":{"om_disable_all_campaigns":false,"_exactmetrics_skip_tracking":false,"_exactmetrics_sitenote_active":false,"_exactmetrics_sitenote_note":"","_exactmetrics_sitenote_category":0,"_monsterinsights_skip_tracking":false,"_monsterinsights_sitenote_active":false,"_monsterinsights_sitenote_note":"","_monsterinsights_sitenote_category":0,"footnotes":""},"class_list":["post-1647","page","type-page","status-publish","hentry"],"aioseo_notices":[],"_links":{"self":[{"href":"https:\/\/www.happeningcreation.com\/index.php?rest_route=\/wp\/v2\/pages\/1647","targetHints":{"allow":["GET"]}}],"collection":[{"href":"https:\/\/www.happeningcreation.com\/index.php?rest_route=\/wp\/v2\/pages"}],"about":[{"href":"https:\/\/www.happeningcreation.com\/index.php?rest_route=\/wp\/v2\/types\/page"}],"author":[{"embeddable":true,"href":"https:\/\/www.happeningcreation.com\/index.php?rest_route=\/wp\/v2\/users\/1"}],"replies":[{"embeddable":true,"href":"https:\/\/www.happeningcreation.com\/index.php?rest_route=%2Fwp%2Fv2%2Fcomments&post=1647"}],"version-history":[{"count":86,"href":"https:\/\/www.happeningcreation.com\/index.php?rest_route=\/wp\/v2\/pages\/1647\/revisions"}],"predecessor-version":[{"id":3299,"href":"https:\/\/www.happeningcreation.com\/index.php?rest_route=\/wp\/v2\/pages\/1647\/revisions\/3299"}],"wp:attachment":[{"href":"https:\/\/www.happeningcreation.com\/index.php?rest_route=%2Fwp%2Fv2%2Fmedia&parent=1647"}],"curies":[{"name":"wp","href":"https:\/\/api.w.org\/{rel}","templated":true}]}}