{"id":2390,"date":"2019-05-18T04:51:07","date_gmt":"2019-05-18T15:21:07","guid":{"rendered":"https:\/\/www.happeningcreation.com\/?page_id=2390"},"modified":"2022-05-08T04:34:17","modified_gmt":"2022-05-08T15:04:17","slug":"elementor-2390","status":"publish","type":"page","link":"https:\/\/www.happeningcreation.com\/?page_id=2390","title":{"rendered":"LES MESGUICH JOUENT BRISVILLE&#8230;"},"content":{"rendered":"\t\t<div data-elementor-type=\"wp-post\" data-elementor-id=\"2390\" class=\"elementor elementor-2390\" data-elementor-post-type=\"page\">\n\t\t\t\t\t\t<section class=\"elementor-section elementor-top-section elementor-element elementor-element-6d4c7b7 elementor-section-boxed elementor-section-height-default elementor-section-height-default\" data-id=\"6d4c7b7\" data-element_type=\"section\" data-e-type=\"section\">\n\t\t\t\t\t\t<div class=\"elementor-container elementor-column-gap-default\">\n\t\t\t\t\t<div class=\"elementor-column elementor-col-50 elementor-top-column elementor-element elementor-element-55c2fa3\" data-id=\"55c2fa3\" data-element_type=\"column\" data-e-type=\"column\">\n\t\t\t<div class=\"elementor-widget-wrap elementor-element-populated\">\n\t\t\t\t\t\t<div class=\"elementor-element elementor-element-9087473 elementor-widget elementor-widget-image\" data-id=\"9087473\" data-element_type=\"widget\" data-e-type=\"widget\" data-widget_type=\"image.default\">\n\t\t\t\t<div class=\"elementor-widget-container\">\n\t\t\t\t\t\t\t\t\t\t\t\t\t\t\t<img fetchpriority=\"high\" decoding=\"async\" width=\"581\" height=\"872\" src=\"https:\/\/www.happeningcreation.com\/wp-content\/uploads\/affiche-Le-souper-site-1-1.jpg\" class=\"attachment-large size-large wp-image-2475\" alt=\"\" srcset=\"https:\/\/www.happeningcreation.com\/wp-content\/uploads\/affiche-Le-souper-site-1-1.jpg 581w, https:\/\/www.happeningcreation.com\/wp-content\/uploads\/affiche-Le-souper-site-1-1-200x300.jpg 200w\" sizes=\"(max-width: 581px) 100vw, 581px\" \/>\t\t\t\t\t\t\t\t\t\t\t\t\t\t\t<\/div>\n\t\t\t\t<\/div>\n\t\t\t\t\t<\/div>\n\t\t<\/div>\n\t\t\t\t<div class=\"elementor-column elementor-col-50 elementor-top-column elementor-element elementor-element-a780c8b\" data-id=\"a780c8b\" data-element_type=\"column\" data-e-type=\"column\">\n\t\t\t<div class=\"elementor-widget-wrap elementor-element-populated\">\n\t\t\t\t\t\t<div class=\"elementor-element elementor-element-41e4600 elementor-widget elementor-widget-text-editor\" data-id=\"41e4600\" data-element_type=\"widget\" data-e-type=\"widget\" data-widget_type=\"text-editor.default\">\n\t\t\t\t<div class=\"elementor-widget-container\">\n\t\t\t\t\t\t\t\t\t<h2 style=\"text-align: center;\"><strong><span style=\"color: #000000;\">LE SOUPER<\/span><\/strong><\/h2><div><p><span style=\"color: #000000;\">de Jean-Claude Brisville.<\/span><\/p><p><span style=\"color: #000000;\">Un spectacle mis en sc\u00e8ne par Daniel Mesguich et William Mesguich.<\/span><\/p><p><span style=\"color: #000000;\">Avec Daniel Mesguish et William Mesguish.<\/span><\/p><p><span style=\"color: #000000;\">Dur\u00e9e : 1h20<\/span><\/p><p><span style=\"color: #000000;\">Une production Miroir et M\u00e9taphore<\/span><\/p><p><span style=\"color: #000000;\">Costumes : Dominique Louis.<\/span><\/p><\/div>\t\t\t\t\t\t\t\t<\/div>\n\t\t\t\t<\/div>\n\t\t\t\t\t<\/div>\n\t\t<\/div>\n\t\t\t\t\t<\/div>\n\t\t<\/section>\n\t\t\t\t<section class=\"elementor-section elementor-top-section elementor-element elementor-element-a066401 elementor-section-boxed elementor-section-height-default elementor-section-height-default\" data-id=\"a066401\" data-element_type=\"section\" data-e-type=\"section\">\n\t\t\t\t\t\t<div class=\"elementor-container elementor-column-gap-default\">\n\t\t\t\t\t<div class=\"elementor-column elementor-col-100 elementor-top-column elementor-element elementor-element-5da89c8\" data-id=\"5da89c8\" data-element_type=\"column\" data-e-type=\"column\">\n\t\t\t<div class=\"elementor-widget-wrap elementor-element-populated\">\n\t\t\t\t\t\t<div class=\"elementor-element elementor-element-851ff8c elementor-widget elementor-widget-text-editor\" data-id=\"851ff8c\" data-element_type=\"widget\" data-e-type=\"widget\" data-widget_type=\"text-editor.default\">\n\t\t\t\t<div class=\"elementor-widget-container\">\n\t\t\t\t\t\t\t\t\t<p><span style=\"color: #000000;\">Apr\u00e8s la d\u00e9faite de Waterloo et l\u2019exil de Napol\u00e9on, Wellington et les troupes coalis\u00e9es sont dans Paris. La r\u00e9volte gronde. Qui va gouverner le pays ? Le 6 juillet 1815 au soir, les \u00ab faiseurs de rois \u00bb Fouch\u00e9 et Talleyrand se retrouvent lors d\u2019un souper pour d\u00e9cider du r\u00e9gime \u00e0 donner \u00e0 la France. Si le premier souhaite une R\u00e9publique, le second envisage le retour des Bourbons&#8230;<\/span><\/p><p><span style=\"color: #000000;\">Suite au succ\u00e8s rencontr\u00e9 au Th\u00e9\u00e2tre de Poche Montparnasse, puis \u00e0 Avignon, William Mesguich (Talleyrand) et Daniel Mesguich (Fouch\u00e9) incarnent de nouveau ce duel de haute vol\u00e9e, dans lequel la force de la langue de ce huis-clos, n\u2019a d\u2019\u00e9gale que le cynisme et la fourberie politique. Avec en toile de fond, un climat insurrectionnel et le temps d\u2019un souper pour trouver un destin politique \u00e0 la France&#8230;<\/span><\/p><p><span style=\"color: #000000;\">\u00ab<em> Les deux com\u00e9diens servent un Souper exquis, face-\u00e0-face magistral<\/em>. \u00bb LE PARISIEN.<\/span><\/p><p><span style=\"color: #000000;\">\u00ab <em>Daniel et William Mesguich ne sont pas seulement cr\u00e9dibles, chacun \u00e0 sa fa\u00e7on est aussi savoureux que les mets servis \u00e0 la table de Talleyrand<\/em>.<\/span> <span style=\"color: #000000;\">\u00bb L&rsquo;OBS<\/span><\/p><p><span style=\"color: #000000;\">\u00ab <em>Ce Souper donne toujours le m\u00eame plaisir, pour peu qu\u2019on aime l\u2019esprit fran\u00e7ais, l\u2019Histoire qui s\u2019anime, l\u2019intelligence qui mousse, la culture qui s\u2019incarne<\/em>. \u00bb LE FIGARO<br \/><\/span><\/p>\t\t\t\t\t\t\t\t<\/div>\n\t\t\t\t<\/div>\n\t\t\t\t<div class=\"elementor-element elementor-element-d92b45c elementor-widget elementor-widget-image\" data-id=\"d92b45c\" data-element_type=\"widget\" data-e-type=\"widget\" data-widget_type=\"image.default\">\n\t\t\t\t<div class=\"elementor-widget-container\">\n\t\t\t\t\t\t\t\t\t\t\t\t\t\t\t\t<a href=\"https:\/\/www.youtube.com\/watch?v=kdv8i3WjEnw\" target=\"_blank\">\n\t\t\t\t\t\t\t<img decoding=\"async\" width=\"584\" height=\"317\" src=\"https:\/\/www.happeningcreation.com\/wp-content\/uploads\/Capture2-1024x556.jpg\" class=\"attachment-large size-large wp-image-3168\" alt=\"\" srcset=\"https:\/\/www.happeningcreation.com\/wp-content\/uploads\/Capture2-1024x556.jpg 1024w, https:\/\/www.happeningcreation.com\/wp-content\/uploads\/Capture2-300x163.jpg 300w, https:\/\/www.happeningcreation.com\/wp-content\/uploads\/Capture2-768x417.jpg 768w, https:\/\/www.happeningcreation.com\/wp-content\/uploads\/Capture2-1536x835.jpg 1536w, https:\/\/www.happeningcreation.com\/wp-content\/uploads\/Capture2-500x272.jpg 500w, https:\/\/www.happeningcreation.com\/wp-content\/uploads\/Capture2.jpg 1813w\" sizes=\"(max-width: 584px) 100vw, 584px\" \/>\t\t\t\t\t\t\t\t<\/a>\n\t\t\t\t\t\t\t\t\t\t\t\t\t\t\t<\/div>\n\t\t\t\t<\/div>\n\t\t\t\t\t<\/div>\n\t\t<\/div>\n\t\t\t\t\t<\/div>\n\t\t<\/section>\n\t\t\t\t<section class=\"elementor-section elementor-top-section elementor-element elementor-element-3e66112 elementor-section-boxed elementor-section-height-default elementor-section-height-default\" data-id=\"3e66112\" data-element_type=\"section\" data-e-type=\"section\">\n\t\t\t\t\t\t<div class=\"elementor-container elementor-column-gap-default\">\n\t\t\t\t\t<div class=\"elementor-column elementor-col-100 elementor-top-column elementor-element elementor-element-8ce5aa0\" data-id=\"8ce5aa0\" data-element_type=\"column\" data-e-type=\"column\">\n\t\t\t<div class=\"elementor-widget-wrap elementor-element-populated\">\n\t\t\t\t\t\t<div class=\"elementor-element elementor-element-acadca8 elementor-align-center elementor-widget elementor-widget-button\" data-id=\"acadca8\" data-element_type=\"widget\" data-e-type=\"widget\" data-widget_type=\"button.default\">\n\t\t\t\t<div class=\"elementor-widget-container\">\n\t\t\t\t\t\t\t\t\t<div class=\"elementor-button-wrapper\">\n\t\t\t\t\t<a class=\"elementor-button elementor-button-link elementor-size-sm\" href=\"https:\/\/www.happeningcreation.com\/wp-content\/uploads\/DP-LE-SOUPER.pdf\" target=\"_blank\">\n\t\t\t\t\t\t<span class=\"elementor-button-content-wrapper\">\n\t\t\t\t\t\t\t\t\t<span class=\"elementor-button-text\">Dossier de pr\u00e9sentation<\/span>\n\t\t\t\t\t<\/span>\n\t\t\t\t\t<\/a>\n\t\t\t\t<\/div>\n\t\t\t\t\t\t\t\t<\/div>\n\t\t\t\t<\/div>\n\t\t\t\t\t<\/div>\n\t\t<\/div>\n\t\t\t\t\t<\/div>\n\t\t<\/section>\n\t\t\t\t<section class=\"elementor-section elementor-top-section elementor-element elementor-element-ab69d65 elementor-section-boxed elementor-section-height-default elementor-section-height-default\" data-id=\"ab69d65\" data-element_type=\"section\" data-e-type=\"section\">\n\t\t\t\t\t\t<div class=\"elementor-container elementor-column-gap-default\">\n\t\t\t\t\t<div class=\"elementor-column elementor-col-100 elementor-top-column elementor-element elementor-element-918f7b3\" data-id=\"918f7b3\" data-element_type=\"column\" data-e-type=\"column\">\n\t\t\t<div class=\"elementor-widget-wrap elementor-element-populated\">\n\t\t\t\t\t\t<div class=\"elementor-element elementor-element-f4dc686 elementor-widget elementor-widget-text-editor\" data-id=\"f4dc686\" data-element_type=\"widget\" data-e-type=\"widget\" data-widget_type=\"text-editor.default\">\n\t\t\t\t<div class=\"elementor-widget-container\">\n\t\t\t\t\t\t\t\t\t<h2 style=\"text-align: center;\"><span style=\"color: #000000;\">PASCAL DESCARTES<\/span><\/h2><p style=\"text-align: left;\"><span style=\"color: #000000;\">de Jean-Claude Brisville.<\/span><\/p><p style=\"text-align: left;\"><span style=\"color: #000000;\">Avec Daniel Mesguich et William Mesguich.<\/span><\/p><p style=\"text-align: left;\"><span style=\"color: #000000;\">du 7 au 30 juillet, jours pairs, au th\u00e9\u00e2tre des G\u00e9meaux,<\/span><br \/><span style=\"color: #000000;\">\u00e0 16h25. Rel\u00e2ches les 12 et 26 juillet.<\/span><\/p><p style=\"text-align: left;\"><span style=\"color: #000000;\">Dur\u00e9e : 1h15<\/span><\/p><p><span style=\"color: #000000;\">Le 24 septembre 1647, les deux philophes les plus c\u00e9l\u00e8bres de leur temps se sont rencontr\u00e9s \u00e0 huis clos durant plusieurs heures, au couvent des Minimes \u00e0 Paris. Blaise Pascal, d\u00e9j\u00e0 tr\u00e8s malade, n\u2019avait alors que 24 ans. Rien n\u2019a filtr\u00e9 de cet entretien, sinon quelques courtes notes jet\u00e9es sur le papier par l\u2019un et l\u2019autre. Jean-Claude Brisville a imagin\u00e9 librement la conversation qu\u2019ont pu avoir ces<\/span><br \/><span style=\"color: #000000;\">deux hommes, \u00e0 l\u2019oppos\u00e9 l\u2019un de l\u2019autre, et qui se d\u00e9couvrent progressivement&#8230;<\/span><\/p><p style=\"text-align: left;\"><span style=\"color: #000000;\">\u00a0<strong>Le Figaro<\/strong> : \u00a0\u00bb <em>On se r\u00e9gale \u00e0 \u00e9couter cette joute interpr\u00e9t\u00e9e avec ferveur par Daniel Mesguich, Descartes qui a de la griffe, face \u00e0 son fils William, ravi de conduire le duel. \u00ab\u00a0<\/em><br \/><\/span><\/p><p style=\"text-align: left;\"><span style=\"color: #000000;\">\u00a0<\/span><\/p>\t\t\t\t\t\t\t\t<\/div>\n\t\t\t\t<\/div>\n\t\t\t\t\t<\/div>\n\t\t<\/div>\n\t\t\t\t\t<\/div>\n\t\t<\/section>\n\t\t\t\t<\/div>\n\t\t","protected":false},"excerpt":{"rendered":"<p>LE SOUPER de Jean-Claude Brisville. Un spectacle mis en sc\u00e8ne par Daniel Mesguich et William Mesguich. Avec Daniel Mesguish et William Mesguish. Dur\u00e9e : 1h20 Une production Miroir et M\u00e9taphore Costumes : Dominique Louis. Apr\u00e8s la d\u00e9faite de Waterloo et &hellip; <a href=\"https:\/\/www.happeningcreation.com\/?page_id=2390\">Continuer la lecture <span class=\"meta-nav\">&rarr;<\/span><\/a><\/p>\n","protected":false},"author":1,"featured_media":0,"parent":0,"menu_order":0,"comment_status":"closed","ping_status":"closed","template":"","meta":{"om_disable_all_campaigns":false,"_exactmetrics_skip_tracking":false,"_exactmetrics_sitenote_active":false,"_exactmetrics_sitenote_note":"","_exactmetrics_sitenote_category":0,"_monsterinsights_skip_tracking":false,"_monsterinsights_sitenote_active":false,"_monsterinsights_sitenote_note":"","_monsterinsights_sitenote_category":0,"footnotes":""},"class_list":["post-2390","page","type-page","status-publish","hentry"],"aioseo_notices":[],"_links":{"self":[{"href":"https:\/\/www.happeningcreation.com\/index.php?rest_route=\/wp\/v2\/pages\/2390","targetHints":{"allow":["GET"]}}],"collection":[{"href":"https:\/\/www.happeningcreation.com\/index.php?rest_route=\/wp\/v2\/pages"}],"about":[{"href":"https:\/\/www.happeningcreation.com\/index.php?rest_route=\/wp\/v2\/types\/page"}],"author":[{"embeddable":true,"href":"https:\/\/www.happeningcreation.com\/index.php?rest_route=\/wp\/v2\/users\/1"}],"replies":[{"embeddable":true,"href":"https:\/\/www.happeningcreation.com\/index.php?rest_route=%2Fwp%2Fv2%2Fcomments&post=2390"}],"version-history":[{"count":24,"href":"https:\/\/www.happeningcreation.com\/index.php?rest_route=\/wp\/v2\/pages\/2390\/revisions"}],"predecessor-version":[{"id":3326,"href":"https:\/\/www.happeningcreation.com\/index.php?rest_route=\/wp\/v2\/pages\/2390\/revisions\/3326"}],"wp:attachment":[{"href":"https:\/\/www.happeningcreation.com\/index.php?rest_route=%2Fwp%2Fv2%2Fmedia&parent=2390"}],"curies":[{"name":"wp","href":"https:\/\/api.w.org\/{rel}","templated":true}]}}