{"id":3199,"date":"2022-03-20T04:05:33","date_gmt":"2022-03-20T14:35:33","guid":{"rendered":"https:\/\/www.happeningcreation.com\/?page_id=3199"},"modified":"2023-10-09T22:44:56","modified_gmt":"2023-10-10T09:14:56","slug":"les-temoins","status":"publish","type":"page","link":"https:\/\/www.happeningcreation.com\/?page_id=3199","title":{"rendered":""},"content":{"rendered":"\t\t<div data-elementor-type=\"wp-page\" data-elementor-id=\"3199\" class=\"elementor elementor-3199\" data-elementor-post-type=\"page\">\n\t\t\t\t\t\t<section class=\"elementor-section elementor-top-section elementor-element elementor-element-ff01263 elementor-section-boxed elementor-section-height-default elementor-section-height-default\" data-id=\"ff01263\" data-element_type=\"section\" data-e-type=\"section\">\n\t\t\t\t\t\t<div class=\"elementor-container elementor-column-gap-default\">\n\t\t\t\t\t<div class=\"elementor-column elementor-col-100 elementor-top-column elementor-element elementor-element-985225a\" data-id=\"985225a\" data-element_type=\"column\" data-e-type=\"column\">\n\t\t\t<div class=\"elementor-widget-wrap elementor-element-populated\">\n\t\t\t\t\t\t<section class=\"elementor-section elementor-inner-section elementor-element elementor-element-bc5cc1b elementor-section-boxed elementor-section-height-default elementor-section-height-default\" data-id=\"bc5cc1b\" data-element_type=\"section\" data-e-type=\"section\">\n\t\t\t\t\t\t<div class=\"elementor-container elementor-column-gap-default\">\n\t\t\t\t\t<div class=\"elementor-column elementor-col-50 elementor-inner-column elementor-element elementor-element-2c973a1\" data-id=\"2c973a1\" data-element_type=\"column\" data-e-type=\"column\">\n\t\t\t<div class=\"elementor-widget-wrap elementor-element-populated\">\n\t\t\t\t\t\t<div class=\"elementor-element elementor-element-05add60 elementor-widget elementor-widget-image\" data-id=\"05add60\" data-element_type=\"widget\" data-e-type=\"widget\" data-widget_type=\"image.default\">\n\t\t\t\t<div class=\"elementor-widget-container\">\n\t\t\t\t\t\t\t\t\t\t\t\t\t\t\t<img fetchpriority=\"high\" decoding=\"async\" width=\"584\" height=\"823\" src=\"https:\/\/www.happeningcreation.com\/wp-content\/uploads\/affiche-les-temoins-bd.jpg\" class=\"attachment-large size-large wp-image-3196\" alt=\"\" srcset=\"https:\/\/www.happeningcreation.com\/wp-content\/uploads\/affiche-les-temoins-bd.jpg 700w, https:\/\/www.happeningcreation.com\/wp-content\/uploads\/affiche-les-temoins-bd-213x300.jpg 213w\" sizes=\"(max-width: 584px) 100vw, 584px\" \/>\t\t\t\t\t\t\t\t\t\t\t\t\t\t\t<\/div>\n\t\t\t\t<\/div>\n\t\t\t\t\t<\/div>\n\t\t<\/div>\n\t\t\t\t<div class=\"elementor-column elementor-col-50 elementor-inner-column elementor-element elementor-element-2bd51b7\" data-id=\"2bd51b7\" data-element_type=\"column\" data-e-type=\"column\">\n\t\t\t<div class=\"elementor-widget-wrap elementor-element-populated\">\n\t\t\t\t\t\t<div class=\"elementor-element elementor-element-acccd9d elementor-widget elementor-widget-text-editor\" data-id=\"acccd9d\" data-element_type=\"widget\" data-e-type=\"widget\" data-widget_type=\"text-editor.default\">\n\t\t\t\t<div class=\"elementor-widget-container\">\n\t\t\t\t\t\t\t\t\t<p><span style=\"color: #000000;\">En accord avec Sylsyl et Antith\u00e8ne.\u00a0<\/span><\/p><p><span style=\"color: #000000;\">Texte et mise en sc\u00e8ne de <strong>Yann Reuzeau<\/strong>.\u00a0<\/span><\/p><p><span style=\"color: #000000;\">Avec : <strong>Fr\u00e9d\u00e9ric Andrau, Didier Boulle, Marjorie Ciccone,\u00a0 Catherine Griffoni, Tewfik Snoussi <\/strong>et<strong> Sophie Vonlanthen<\/strong>.\u00a0<\/span><\/p><p><span style=\"color: #000000;\">Assistante \u00e0 la mise en sc\u00e8ne : <strong>Clara Leduc<\/strong>\u00a0<\/span><\/p><p><span style=\"color: #000000;\">Sc\u00e9nographie : <strong>Goury<\/strong><\/span><\/p><p><span style=\"color: #000000;\">Vid\u00e9o : <strong>Mathieu Morelle<\/strong><\/span><\/p><p><span style=\"color: #000000;\">Lumi\u00e8re : <strong>Elsa Revol\u00a0<\/strong>\u00a0<\/span><\/p><p><span style=\"color: #000000;\">Dur\u00e9e : 2h<\/span><\/p><p style=\"text-align: center;\"><span style=\"color: #000000;\"><strong><span dir=\"ltr\" role=\"presentation\">\u00a0<\/span><\/strong><\/span><\/p><p><span style=\"color: #000000;\">\u00a0<\/span><\/p>\t\t\t\t\t\t\t\t<\/div>\n\t\t\t\t<\/div>\n\t\t\t\t\t<\/div>\n\t\t<\/div>\n\t\t\t\t\t<\/div>\n\t\t<\/section>\n\t\t\t\t\t<\/div>\n\t\t<\/div>\n\t\t\t\t\t<\/div>\n\t\t<\/section>\n\t\t\t\t<section class=\"elementor-section elementor-top-section elementor-element elementor-element-6fa22a5 elementor-section-boxed elementor-section-height-default elementor-section-height-default\" data-id=\"6fa22a5\" data-element_type=\"section\" data-e-type=\"section\">\n\t\t\t\t\t\t<div class=\"elementor-container elementor-column-gap-default\">\n\t\t\t\t\t<div class=\"elementor-column elementor-col-100 elementor-top-column elementor-element elementor-element-4db8abf\" data-id=\"4db8abf\" data-element_type=\"column\" data-e-type=\"column\">\n\t\t\t<div class=\"elementor-widget-wrap elementor-element-populated\">\n\t\t\t\t\t\t<div class=\"elementor-element elementor-element-fe91f7b elementor-widget elementor-widget-text-editor\" data-id=\"fe91f7b\" data-element_type=\"widget\" data-e-type=\"widget\" data-widget_type=\"text-editor.default\">\n\t\t\t\t<div class=\"elementor-widget-container\">\n\t\t\t\t\t\t\t\t\t<p style=\"text-align: left;\"><span style=\"color: #000000;\"><em><strong><span dir=\"ltr\" role=\"presentation\">Les T\u00e9moins<\/span><\/strong><\/em> <span dir=\"ltr\" role=\"presentation\">est un journal dont l\u2019int\u00e9grit\u00e9 et le professionnalisme ne font\u00a0<\/span><\/span><span style=\"color: #000000;\"><span dir=\"ltr\" role=\"presentation\">pas<\/span> <span dir=\"ltr\" role=\"presentation\">d\u00e9bat.<\/span> <span dir=\"ltr\" role=\"presentation\">Mais<\/span> <span dir=\"ltr\" role=\"presentation\">le<\/span> <span dir=\"ltr\" role=\"presentation\">jour<\/span> <span dir=\"ltr\" role=\"presentation\">o\u00f9<\/span> <span dir=\"ltr\" role=\"presentation\">un<\/span> <span dir=\"ltr\" role=\"presentation\">candidat<\/span> <span dir=\"ltr\" role=\"presentation\">d\u2019extr\u00eame<\/span> <span dir=\"ltr\" role=\"presentation\">droite<\/span> <span dir=\"ltr\" role=\"presentation\">gagne<\/span> <span dir=\"ltr\" role=\"presentation\">la\u00a0<\/span><\/span><span dir=\"ltr\" style=\"color: #000000;\" role=\"presentation\">pr\u00e9sidentielle, les journalistes de la r\u00e9daction sentent vite le vent tourner : ils <\/span><span dir=\"ltr\" style=\"color: #000000;\" role=\"presentation\">deviennent l\u2019ennemi \u00e0 abattre.<\/span><br role=\"presentation\" \/><span style=\"color: #000000;\"><em><strong><span dir=\"ltr\" role=\"presentation\">Les<\/span> <span dir=\"ltr\" role=\"presentation\">T\u00e9moins<\/span><\/strong><\/em> <span dir=\"ltr\" role=\"presentation\">doivent alors se battre pour pr\u00e9server leur \u00e9thique et leur <\/span><\/span><span dir=\"ltr\" style=\"color: #000000;\" role=\"presentation\">d\u00e9termination sans sombrer dans une guerre de tranch\u00e9es contre le nouveau\u00a0<\/span><span dir=\"ltr\" style=\"color: #000000;\" role=\"presentation\">pouvoir.<\/span><br role=\"presentation\" \/><span dir=\"ltr\" style=\"color: #000000;\" role=\"presentation\">Catherine, la r\u00e9dactrice en chef ajointe, tente de conserver l\u2019unit\u00e9 de ses\u00a0<\/span><span dir=\"ltr\" style=\"color: #000000;\" role=\"presentation\">troupes, au bord de l\u2019implosion, alors que la r\u00e9daction accumule les enqu\u00eates\u00a0<\/span><span style=\"color: #000000;\"><span dir=\"ltr\" role=\"presentation\">explosives.<\/span> <span dir=\"ltr\" role=\"presentation\">Cyril<\/span> <span dir=\"ltr\" role=\"presentation\">d\u00e9couvre<\/span> <span dir=\"ltr\" role=\"presentation\">le<\/span> <span dir=\"ltr\" role=\"presentation\">projet<\/span> <span dir=\"ltr\" role=\"presentation\">d\u2019action<\/span> <span dir=\"ltr\" role=\"presentation\">terroriste<\/span> <span dir=\"ltr\" role=\"presentation\">d\u2019un<\/span> <span dir=\"ltr\" role=\"presentation\">groupuscule\u00a0<\/span><\/span><span dir=\"ltr\" style=\"color: #000000;\" role=\"presentation\">\u00e9cologiste. Hassan suspecte qu\u2019un pays ami ait ex\u00e9cut\u00e9 un agent fran\u00e7ais\u00a0<\/span><span dir=\"ltr\" style=\"color: #000000;\" role=\"presentation\">(mais sa source est faible et il craint de relancer les graves tensions entre les\u00a0<\/span><span style=\"color: #000000;\"><span dir=\"ltr\" role=\"presentation\">deux<\/span> <span dir=\"ltr\" role=\"presentation\">pays).<\/span> <span dir=\"ltr\" role=\"presentation\">Rebecca<\/span> <span dir=\"ltr\" role=\"presentation\">met<\/span> <span dir=\"ltr\" role=\"presentation\">\u00e0<\/span> <span dir=\"ltr\" role=\"presentation\">jour<\/span> <span dir=\"ltr\" role=\"presentation\">une<\/span> <span dir=\"ltr\" role=\"presentation\">gigantesque<\/span> <span dir=\"ltr\" role=\"presentation\">histoire<\/span> <span dir=\"ltr\" role=\"presentation\">d\u2019espionnage\u00a0<\/span><\/span><span style=\"color: #000000;\"><span dir=\"ltr\" role=\"presentation\">industriel<\/span> <span dir=\"ltr\" role=\"presentation\">perp\u00e9tr\u00e9<\/span> <span dir=\"ltr\" role=\"presentation\">par<\/span> <span dir=\"ltr\" role=\"presentation\">un<\/span> <span dir=\"ltr\" role=\"presentation\">proche<\/span> <span dir=\"ltr\" role=\"presentation\">du<\/span> <span dir=\"ltr\" role=\"presentation\">nouveau<\/span> <span dir=\"ltr\" role=\"presentation\">pr\u00e9sident.<\/span> <span dir=\"ltr\" role=\"presentation\">Romain,<\/span> <span dir=\"ltr\" role=\"presentation\">lui,\u00a0<\/span><\/span><span style=\"color: #000000;\"><span dir=\"ltr\" role=\"presentation\">d\u00e9couvre<\/span> <span dir=\"ltr\" role=\"presentation\">un<\/span> <span dir=\"ltr\" role=\"presentation\">embryon<\/span> <span dir=\"ltr\" role=\"presentation\">de<\/span> <span dir=\"ltr\" role=\"presentation\">r\u00e9sistance<\/span> <span dir=\"ltr\" role=\"presentation\">arm\u00e9e.<\/span> <span dir=\"ltr\" role=\"presentation\">Ils<\/span> <span dir=\"ltr\" role=\"presentation\">envisagent<\/span> <span dir=\"ltr\" role=\"presentation\">d\u00e9j\u00e0<\/span> <span dir=\"ltr\" role=\"presentation\">un<\/span> <span dir=\"ltr\" role=\"presentation\">Coup\u00a0<\/span><\/span><span dir=\"ltr\" style=\"color: #000000;\" role=\"presentation\">d\u2019\u00c9tat.<\/span><\/p>\t\t\t\t\t\t\t\t<\/div>\n\t\t\t\t<\/div>\n\t\t\t\t\t<\/div>\n\t\t<\/div>\n\t\t\t\t\t<\/div>\n\t\t<\/section>\n\t\t\t\t<section class=\"elementor-section elementor-top-section elementor-element elementor-element-efa5875 elementor-section-boxed elementor-section-height-default elementor-section-height-default\" data-id=\"efa5875\" data-element_type=\"section\" data-e-type=\"section\">\n\t\t\t\t\t\t<div class=\"elementor-container elementor-column-gap-default\">\n\t\t\t\t\t<div class=\"elementor-column elementor-col-100 elementor-top-column elementor-element elementor-element-a51d2d4\" data-id=\"a51d2d4\" data-element_type=\"column\" data-e-type=\"column\">\n\t\t\t<div class=\"elementor-widget-wrap elementor-element-populated\">\n\t\t\t\t\t\t<div class=\"elementor-element elementor-element-0a19228 elementor-widget elementor-widget-image\" data-id=\"0a19228\" data-element_type=\"widget\" data-e-type=\"widget\" data-widget_type=\"image.default\">\n\t\t\t\t<div class=\"elementor-widget-container\">\n\t\t\t\t\t\t\t\t\t\t\t\t\t\t\t<img decoding=\"async\" width=\"584\" height=\"389\" src=\"https:\/\/www.happeningcreation.com\/wp-content\/uploads\/LesTe\u0301moins-0031-BD.jpg\" class=\"attachment-large size-large wp-image-3213\" alt=\"\" srcset=\"https:\/\/www.happeningcreation.com\/wp-content\/uploads\/LesTe\u0301moins-0031-BD.jpg 800w, https:\/\/www.happeningcreation.com\/wp-content\/uploads\/LesTe\u0301moins-0031-BD-300x200.jpg 300w, https:\/\/www.happeningcreation.com\/wp-content\/uploads\/LesTe\u0301moins-0031-BD-768x512.jpg 768w, https:\/\/www.happeningcreation.com\/wp-content\/uploads\/LesTe\u0301moins-0031-BD-450x300.jpg 450w\" sizes=\"(max-width: 584px) 100vw, 584px\" \/>\t\t\t\t\t\t\t\t\t\t\t\t\t\t\t<\/div>\n\t\t\t\t<\/div>\n\t\t\t\t\t<\/div>\n\t\t<\/div>\n\t\t\t\t\t<\/div>\n\t\t<\/section>\n\t\t\t\t<section class=\"elementor-section elementor-top-section elementor-element elementor-element-4bd62f8 elementor-section-boxed elementor-section-height-default elementor-section-height-default\" data-id=\"4bd62f8\" data-element_type=\"section\" data-e-type=\"section\">\n\t\t\t\t\t\t<div class=\"elementor-container elementor-column-gap-default\">\n\t\t\t\t\t<div class=\"elementor-column elementor-col-100 elementor-top-column elementor-element elementor-element-acf9057\" data-id=\"acf9057\" data-element_type=\"column\" data-e-type=\"column\">\n\t\t\t<div class=\"elementor-widget-wrap elementor-element-populated\">\n\t\t\t\t\t\t<div class=\"elementor-element elementor-element-83b43ac elementor-widget elementor-widget-text-editor\" data-id=\"83b43ac\" data-element_type=\"widget\" data-e-type=\"widget\" data-widget_type=\"text-editor.default\">\n\t\t\t\t<div class=\"elementor-widget-container\">\n\t\t\t\t\t\t\t\t\t<p><span style=\"color: #000000;\"><span dir=\"ltr\" role=\"presentation\">\u00a0\u00a0\u00bb\u00a0<i>En 2010, j\u2019ai \u00e9crit et mise en sc\u00e8ne<\/i><\/span> <span dir=\"ltr\" style=\"font-style: italic;\" role=\"presentation\">Chute d\u2019une Nation<\/span><span dir=\"ltr\" style=\"font-style: italic;\" role=\"presentation\">, ou comment une <\/span><span dir=\"ltr\" style=\"font-style: italic;\" role=\"presentation\">poign\u00e9e d\u2019hommes et de femmes politiques \u00e9chouaient \u00e0 faire barrage au <\/span><span dir=\"ltr\" style=\"font-style: italic;\" role=\"presentation\">fascisme.<\/span> <span dir=\"ltr\" style=\"font-style: italic;\" role=\"presentation\">La<\/span> <span dir=\"ltr\" style=\"font-style: italic;\" role=\"presentation\">derni\u00e8re<\/span> <span dir=\"ltr\" style=\"font-style: italic;\" role=\"presentation\">image<\/span> <span dir=\"ltr\" style=\"font-style: italic;\" role=\"presentation\">voyait<\/span> <span dir=\"ltr\" style=\"font-style: italic;\" role=\"presentation\">l\u2019accession<\/span> <span dir=\"ltr\" style=\"font-style: italic;\" role=\"presentation\">au<\/span> <span dir=\"ltr\" style=\"font-style: italic;\" role=\"presentation\">pouvoir<\/span> <span dir=\"ltr\" style=\"font-style: italic;\" role=\"presentation\">du<\/span> <span dir=\"ltr\" style=\"font-style: italic;\" role=\"presentation\">candidat <\/span><span dir=\"ltr\" style=\"font-style: italic;\" role=\"presentation\">d\u2019extr\u00eame droite, Thomas M\u00e9rendien. <\/span><span dir=\"ltr\" style=\"font-style: italic;\" role=\"presentation\">Les T\u00e9moins<\/span> <span dir=\"ltr\" style=\"font-style: italic;\" role=\"presentation\">d\u00e9bute quelques heures plus tard, dans la salle de r\u00e9daction <\/span><span dir=\"ltr\" style=\"font-style: italic;\" role=\"presentation\">chauff\u00e9e \u00e0 blanc de l\u2019un des principaux titres du pays.<\/span> <span dir=\"ltr\" style=\"font-style: italic;\" role=\"presentation\">Les T\u00e9moins<\/span> <span dir=\"ltr\" style=\"font-style: italic;\" role=\"presentation\">reprend <\/span><span dir=\"ltr\" style=\"font-style: italic;\" role=\"presentation\">les \u00e9v\u00e9nements historiques de<\/span> <span dir=\"ltr\" style=\"font-style: italic;\" role=\"presentation\">Chute d\u2019une Nation<\/span> <span dir=\"ltr\" style=\"font-style: italic;\" role=\"presentation\">et les d\u00e9veloppe, mais <\/span><span dir=\"ltr\" style=\"font-style: italic;\" role=\"presentation\">reste un spectacle compl\u00e8tement ind\u00e9pendant (&#8230;) \u00ab\u00a0<\/span><\/span><\/p><p><strong><span style=\"color: #000000;\">YANN REUZEAU<\/span><\/strong><\/p>\t\t\t\t\t\t\t\t<\/div>\n\t\t\t\t<\/div>\n\t\t\t\t<div class=\"elementor-element elementor-element-58f082a elementor-widget elementor-widget-text-editor\" data-id=\"58f082a\" data-element_type=\"widget\" data-e-type=\"widget\" data-widget_type=\"text-editor.default\">\n\t\t\t\t<div class=\"elementor-widget-container\">\n\t\t\t\t\t\t\t\t\t<p><span style=\"color: #000000;\">Extraits de presse :\u00a0<\/span><\/p><p><span style=\"color: #000000;\">\u00ab Avec cr\u00e9dibilit\u00e9 et efficacit\u00e9, Yann Reuzeau montre comment les journalistes, selon leurs personnalit\u00e9s et convictions, essayent de g\u00e9rer cette situation politique in\u00e9dite, entre r\u00e9sistance, relative all\u00e9geance ou passage \u00e0 l\u2019action. \u00bb <strong><em>La Croix<\/em><\/strong><\/span><\/p><div class=\"\" dir=\"auto\"><span style=\"color: #000000;\">\u00ab Un pr\u00e9sident d\u2019extr\u00eame droite est \u00e9lu en France. Comment r\u00e9agir quand on est un journal influent qui a b\u00e2ti sa r\u00e9putation sur une ligne claire : pas d\u2019opinions, des faits? Ces questions, Reuzeau les pose frontalement, c\u2019est un auteur qui sait pr\u00e9senter les enjeux dans leurs complexit\u00e9s, et nourrir le suspens. Reuzeau met en sc\u00e8ne un point de bascule r\u00e9v\u00e9lateur de la fragilit\u00e9 de la d\u00e9mocratie. Un souffle, une \u00e9nergie, une conviction. \u00bb <\/span><strong style=\"color: #000000;\"><em>Le Monde<\/em><\/strong><\/div><div class=\"rcmBody\"><div dir=\"auto\">\u00a0<\/div><div dir=\"auto\"><span style=\"color: #000000;\">\u00ab Une fable noire, un feuilleton haletant. Reuzeau met une fois de plus son talent dans l\u2019observation du monde tel qu\u2019il va, c\u2019est-\u00e0-dire mal. Malin et rythm\u00e9, son texte \u00e9vite habilement les clich\u00e9s et le manich\u00e9isme. Les dialogues survolt\u00e9s et les com\u00e9diens habit\u00e9s nous embarquent au bout d\u2019un cauchemar diabolique. Soufflant. \u00bb\u00a0 <i><b>Elle<\/b><\/i><\/span><\/div><div>\u00a0<\/div><div><span style=\"color: #000000;\">\u00ab R\u00e9cit d\u2019une d\u00e9sagr\u00e9gation qui contamine l\u2019humain avant de gangrener la soci\u00e9t\u00e9, ce texte est remarquablement \u00e9tay\u00e9 et diaboliquement structur\u00e9. La d\u00e9flagration des faits et implacable qui transforme la menace du pire en probabilit\u00e9 rationnelle. Un spectacle anxiog\u00e8ne mais n\u00e9cessaire qui joue \u00e0 plein poumons son r\u00f4le de Cassandre. \u00bb\u00a0 <em><strong>T\u00e9l\u00e9rama<\/strong><\/em><\/span><\/div><\/div><div>\u00a0<\/div><div><div><span style=\"color: #000000;\">\u00ab Le talent de Yann Reuzeau est de multiplier les questions politiques et humaines autour de la fragilit\u00e9 des d\u00e9mocraties en puisant dans notre quotidien. \u00bb <strong><em>La Terrasse<\/em><\/strong><\/span><\/div><div>\u00a0<\/div><\/div><div><span style=\"color: #000000;\">\u00ab Reuzeau, trop malin pour tomber dans la caricature ou la\u00a0bien-pensance, \u00a0a un vrai talent. Le texte est intelligent, brillant,\u00a0et c\u2019est toujours passionnant. Des com\u00e9diens dirig\u00e9s d\u2019une main de ma\u00eetre, comme d\u2019habitude tous excellents.\u00a0\u00bb\u00a0<i><b>Figaroscope<\/b><\/i><\/span><\/div><div>\u00a0<\/div><div><span style=\"color: #000000;\">\u00ab\u00a0Un spectacle vraiment intriguant.\u00a0Une \u00e9criture extr\u00eamement fine. On a est totalement pris.\u00a0Il y a une belle efficacit\u00e9 dans la compression de la narration, resserr\u00e9e autour de la mont\u00e9e de au pouvoir d\u2019un Pr\u00e9sident d\u2019extr\u00eame droite. Les dilemmes du spectacle font \u00e9cho \u00e0 des cas tr\u00e8s concrets aujourd\u2019hui, comme aux Etats-Unis ou au Br\u00e9sil. La pi\u00e8ce arrive \u00e0 point nomm\u00e9. \u00bb <i><b>La Dispute,\u00a0France Culture<\/b><\/i><\/span><\/div><div>\u00a0<\/div><div><span style=\"color: #000000;\">\u00ab Une mise en perspective r\u00e9ussie et passionnante par le prisme du microcosme journalistique avec un tsunami qui s\u2019abat sur le journal <strong><em>Les T\u00e9moins<\/em><\/strong> pour engager son pronostic vital. Une (im)pertinente et passionnante r\u00e9ussite. \u00bb <b><i>Froggy\u2019s delight<\/i><\/b><\/span><\/div>\t\t\t\t\t\t\t\t<\/div>\n\t\t\t\t<\/div>\n\t\t\t\t\t<\/div>\n\t\t<\/div>\n\t\t\t\t\t<\/div>\n\t\t<\/section>\n\t\t\t\t<section class=\"elementor-section elementor-top-section elementor-element elementor-element-f9375b5 elementor-section-boxed elementor-section-height-default elementor-section-height-default\" data-id=\"f9375b5\" data-element_type=\"section\" data-e-type=\"section\">\n\t\t\t\t\t\t<div class=\"elementor-container elementor-column-gap-default\">\n\t\t\t\t\t<div class=\"elementor-column elementor-col-100 elementor-top-column elementor-element elementor-element-d622fb5\" data-id=\"d622fb5\" data-element_type=\"column\" data-e-type=\"column\">\n\t\t\t<div class=\"elementor-widget-wrap elementor-element-populated\">\n\t\t\t\t\t\t<div class=\"elementor-element elementor-element-4aee84c elementor-align-center elementor-widget elementor-widget-button\" data-id=\"4aee84c\" data-element_type=\"widget\" data-e-type=\"widget\" data-widget_type=\"button.default\">\n\t\t\t\t<div class=\"elementor-widget-container\">\n\t\t\t\t\t\t\t\t\t<div class=\"elementor-button-wrapper\">\n\t\t\t\t\t<a class=\"elementor-button elementor-button-link elementor-size-sm\" href=\"https:\/\/www.happeningcreation.com\/wp-content\/uploads\/DP-Les-temoins-mars-2022-v2-1.pdf\" target=\"_blank\">\n\t\t\t\t\t\t<span class=\"elementor-button-content-wrapper\">\n\t\t\t\t\t\t\t\t\t<span class=\"elementor-button-text\">Dossier de pr\u00e9sentation<\/span>\n\t\t\t\t\t<\/span>\n\t\t\t\t\t<\/a>\n\t\t\t\t<\/div>\n\t\t\t\t\t\t\t\t<\/div>\n\t\t\t\t<\/div>\n\t\t\t\t\t<\/div>\n\t\t<\/div>\n\t\t\t\t\t<\/div>\n\t\t<\/section>\n\t\t\t\t<\/div>\n\t\t","protected":false},"excerpt":{"rendered":"<p>En accord avec Sylsyl et Antith\u00e8ne.\u00a0 Texte et mise en sc\u00e8ne de Yann Reuzeau.\u00a0 Avec : Fr\u00e9d\u00e9ric Andrau, Didier Boulle, Marjorie Ciccone,\u00a0 Catherine Griffoni, Tewfik Snoussi et Sophie Vonlanthen.\u00a0 Assistante \u00e0 la mise en sc\u00e8ne : Clara Leduc\u00a0 Sc\u00e9nographie : &hellip; <a href=\"https:\/\/www.happeningcreation.com\/?page_id=3199\">Continuer la lecture <span class=\"meta-nav\">&rarr;<\/span><\/a><\/p>\n","protected":false},"author":1,"featured_media":0,"parent":0,"menu_order":0,"comment_status":"closed","ping_status":"closed","template":"","meta":{"om_disable_all_campaigns":false,"_exactmetrics_skip_tracking":false,"_exactmetrics_sitenote_active":false,"_exactmetrics_sitenote_note":"","_exactmetrics_sitenote_category":0,"_monsterinsights_skip_tracking":false,"_monsterinsights_sitenote_active":false,"_monsterinsights_sitenote_note":"","_monsterinsights_sitenote_category":0,"footnotes":""},"class_list":["post-3199","page","type-page","status-publish","hentry"],"aioseo_notices":[],"_links":{"self":[{"href":"https:\/\/www.happeningcreation.com\/index.php?rest_route=\/wp\/v2\/pages\/3199","targetHints":{"allow":["GET"]}}],"collection":[{"href":"https:\/\/www.happeningcreation.com\/index.php?rest_route=\/wp\/v2\/pages"}],"about":[{"href":"https:\/\/www.happeningcreation.com\/index.php?rest_route=\/wp\/v2\/types\/page"}],"author":[{"embeddable":true,"href":"https:\/\/www.happeningcreation.com\/index.php?rest_route=\/wp\/v2\/users\/1"}],"replies":[{"embeddable":true,"href":"https:\/\/www.happeningcreation.com\/index.php?rest_route=%2Fwp%2Fv2%2Fcomments&post=3199"}],"version-history":[{"count":33,"href":"https:\/\/www.happeningcreation.com\/index.php?rest_route=\/wp\/v2\/pages\/3199\/revisions"}],"predecessor-version":[{"id":4369,"href":"https:\/\/www.happeningcreation.com\/index.php?rest_route=\/wp\/v2\/pages\/3199\/revisions\/4369"}],"wp:attachment":[{"href":"https:\/\/www.happeningcreation.com\/index.php?rest_route=%2Fwp%2Fv2%2Fmedia&parent=3199"}],"curies":[{"name":"wp","href":"https:\/\/api.w.org\/{rel}","templated":true}]}}