{"id":4041,"date":"2023-05-08T02:45:37","date_gmt":"2023-05-08T13:15:37","guid":{"rendered":"https:\/\/www.happeningcreation.com\/?page_id=4041"},"modified":"2025-05-03T03:44:31","modified_gmt":"2025-05-03T14:14:31","slug":"elementor-4041","status":"publish","type":"page","link":"https:\/\/www.happeningcreation.com\/?page_id=4041","title":{"rendered":""},"content":{"rendered":"\t\t<div data-elementor-type=\"wp-page\" data-elementor-id=\"4041\" class=\"elementor elementor-4041\" data-elementor-post-type=\"page\">\n\t\t\t\t\t\t<section class=\"elementor-section elementor-top-section elementor-element elementor-element-934532b elementor-section-boxed elementor-section-height-default elementor-section-height-default\" data-id=\"934532b\" data-element_type=\"section\" data-e-type=\"section\">\n\t\t\t\t\t\t<div class=\"elementor-container elementor-column-gap-default\">\n\t\t\t\t\t<div class=\"elementor-column elementor-col-50 elementor-top-column elementor-element elementor-element-5e3adb4\" data-id=\"5e3adb4\" data-element_type=\"column\" data-e-type=\"column\">\n\t\t\t<div class=\"elementor-widget-wrap elementor-element-populated\">\n\t\t\t\t\t\t<div class=\"elementor-element elementor-element-7f00ca7 elementor-widget elementor-widget-image\" data-id=\"7f00ca7\" data-element_type=\"widget\" data-e-type=\"widget\" data-widget_type=\"image.default\">\n\t\t\t\t<div class=\"elementor-widget-container\">\n\t\t\t\t\t\t\t\t\t\t\t\t\t\t\t<img fetchpriority=\"high\" decoding=\"async\" width=\"584\" height=\"876\" src=\"https:\/\/www.happeningcreation.com\/wp-content\/uploads\/Suffragettes-affiche-tournee-bd-683x1024.jpg\" class=\"attachment-large size-large wp-image-4450\" alt=\"\" srcset=\"https:\/\/www.happeningcreation.com\/wp-content\/uploads\/Suffragettes-affiche-tournee-bd-683x1024.jpg 683w, https:\/\/www.happeningcreation.com\/wp-content\/uploads\/Suffragettes-affiche-tournee-bd-200x300.jpg 200w, https:\/\/www.happeningcreation.com\/wp-content\/uploads\/Suffragettes-affiche-tournee-bd.jpg 700w\" sizes=\"(max-width: 584px) 100vw, 584px\" \/>\t\t\t\t\t\t\t\t\t\t\t\t\t\t\t<\/div>\n\t\t\t\t<\/div>\n\t\t\t\t\t<\/div>\n\t\t<\/div>\n\t\t\t\t<div class=\"elementor-column elementor-col-50 elementor-top-column elementor-element elementor-element-75a6f62\" data-id=\"75a6f62\" data-element_type=\"column\" data-e-type=\"column\">\n\t\t\t<div class=\"elementor-widget-wrap elementor-element-populated\">\n\t\t\t\t\t\t<div class=\"elementor-element elementor-element-45726b4 elementor-widget elementor-widget-text-editor\" data-id=\"45726b4\" data-element_type=\"widget\" data-e-type=\"widget\" data-widget_type=\"text-editor.default\">\n\t\t\t\t<div class=\"elementor-widget-container\">\n\t\t\t\t\t\t\t\t\t<p>LA CONDITION DES SOIES <\/p><p>DU 5 AU 26\/07 2025<\/p><p>REL\u00c2CHE LES 9,16 ET 23 JUILLET . <\/p><p>UN TEXTE DE MANON CHIVET ET ROMUALD BORYS<\/p><p>UNE MISE EN SC\u00c8NE DE ROMUALD BORYS<\/p><p>AVEC : MANON CHIVET ET JIMMY DAUMAS<\/p><p>DUREE : 1H20<\/p><p>GENRE : THEATRE RECIT<\/p>\t\t\t\t\t\t\t\t<\/div>\n\t\t\t\t<\/div>\n\t\t\t\t\t<\/div>\n\t\t<\/div>\n\t\t\t\t\t<\/div>\n\t\t<\/section>\n\t\t\t\t<section class=\"elementor-section elementor-top-section elementor-element elementor-element-5d2247d elementor-section-boxed elementor-section-height-default elementor-section-height-default\" data-id=\"5d2247d\" data-element_type=\"section\" data-e-type=\"section\">\n\t\t\t\t\t\t<div class=\"elementor-container elementor-column-gap-default\">\n\t\t\t\t\t<div class=\"elementor-column elementor-col-100 elementor-top-column elementor-element elementor-element-964065f\" data-id=\"964065f\" data-element_type=\"column\" data-e-type=\"column\">\n\t\t\t<div class=\"elementor-widget-wrap elementor-element-populated\">\n\t\t\t\t\t\t<div class=\"elementor-element elementor-element-41d5bf9 elementor-widget elementor-widget-text-editor\" data-id=\"41d5bf9\" data-element_type=\"widget\" data-e-type=\"widget\" data-widget_type=\"text-editor.default\">\n\t\t\t\t<div class=\"elementor-widget-container\">\n\t\t\t\t\t\t\t\t\t<p>Entre th\u00e9\u00e2tre, narration et chansons, (re)d\u00e9couvrez l&rsquo;histoire de Sylvia Pankhurst, figure embl\u00eamatique de la lutte que men\u00e8rent les suffragistes, en Angleterre,\u00a0 pour que les femmes obtiennent le droit de vote.<\/p><p class=\"font_8 wixui-rich-text__text\">Londres, 1913. Sylvia participe depuis des ann\u00e9es, aux c\u00f4t\u00e9s des Suffragettes et de ses amies Emily et Norah, \u00e0 la lutte pour le droit de vote des femmes. Sylvia et ses amies m\u00e8nent un combat contre un gouvernement pr\u00eat \u00e0 tout pour les faire taire&#8230;<br \/>Depuis le milieu du 19\u00e8me si\u00e8cle, en Angleterre, des groupes de femmes \u0153uvrent pour obtenir l&rsquo;\u00e9galit\u00e9 politique et leur \u00e9mancipation. En 1908 le mouvement f\u00e9ministe se durcit en m\u00eame temps que l&rsquo;attitude de la police et du pouvoir politique \u00e0 l&rsquo;\u00e9gard de ces militantes. Le m\u00e9pris et l&rsquo;indiff\u00e9rence laissent la place \u00e0 la violence et la r\u00e9pression. Les suffragettes cherchent, par tous les moyens possibles, \u00e0 d\u00e9stabiliser le pouvoir politique en place pour lui faire enfin consid\u00e9rer la question du droit de vote et de l\u2019\u00e9mancipation des femmes. C&rsquo;est par conviction que Sylvia, Emily et Norah ont rejoint les suffragettes.<br \/>Elles vont d\u00e9couvrir au fil de leur engagement le prix que co\u00fbte un tel id\u00e9al\u2026<br \/><br \/><\/p>\t\t\t\t\t\t\t\t<\/div>\n\t\t\t\t<\/div>\n\t\t\t\t\t<\/div>\n\t\t<\/div>\n\t\t\t\t\t<\/div>\n\t\t<\/section>\n\t\t\t\t<section class=\"elementor-section elementor-top-section elementor-element elementor-element-54798e5 elementor-section-boxed elementor-section-height-default elementor-section-height-default\" data-id=\"54798e5\" data-element_type=\"section\" data-e-type=\"section\">\n\t\t\t\t\t\t<div class=\"elementor-container elementor-column-gap-default\">\n\t\t\t\t\t<div class=\"elementor-column elementor-col-100 elementor-top-column elementor-element elementor-element-116eebf\" data-id=\"116eebf\" data-element_type=\"column\" data-e-type=\"column\">\n\t\t\t<div class=\"elementor-widget-wrap elementor-element-populated\">\n\t\t\t\t\t\t<div class=\"elementor-element elementor-element-8666250 elementor-align-center elementor-widget elementor-widget-button\" data-id=\"8666250\" data-element_type=\"widget\" data-e-type=\"widget\" data-widget_type=\"button.default\">\n\t\t\t\t<div class=\"elementor-widget-container\">\n\t\t\t\t\t\t\t\t\t<div class=\"elementor-button-wrapper\">\n\t\t\t\t\t<a class=\"elementor-button elementor-button-link elementor-size-sm\" href=\"https:\/\/drive.google.com\/file\/d\/1wHuiEfclqONgmS9gfAPIfWASaq82ThP6\/view?usp=sharing\" target=\"_blank\">\n\t\t\t\t\t\t<span class=\"elementor-button-content-wrapper\">\n\t\t\t\t\t\t\t\t\t<span class=\"elementor-button-text\">DOSSIER DE PRESENTATION<\/span>\n\t\t\t\t\t<\/span>\n\t\t\t\t\t<\/a>\n\t\t\t\t<\/div>\n\t\t\t\t\t\t\t\t<\/div>\n\t\t\t\t<\/div>\n\t\t\t\t\t<\/div>\n\t\t<\/div>\n\t\t\t\t\t<\/div>\n\t\t<\/section>\n\t\t\t\t<section class=\"elementor-section elementor-top-section elementor-element elementor-element-e4e27a7 elementor-section-boxed elementor-section-height-default elementor-section-height-default\" data-id=\"e4e27a7\" data-element_type=\"section\" data-e-type=\"section\">\n\t\t\t\t\t\t<div class=\"elementor-container elementor-column-gap-default\">\n\t\t\t\t\t<div class=\"elementor-column elementor-col-100 elementor-top-column elementor-element elementor-element-f0f93b6\" data-id=\"f0f93b6\" data-element_type=\"column\" data-e-type=\"column\">\n\t\t\t<div class=\"elementor-widget-wrap elementor-element-populated\">\n\t\t\t\t\t\t<div class=\"elementor-element elementor-element-91abec0 elementor-widget elementor-widget-image\" data-id=\"91abec0\" data-element_type=\"widget\" data-e-type=\"widget\" data-widget_type=\"image.default\">\n\t\t\t\t<div class=\"elementor-widget-container\">\n\t\t\t\t\t\t\t\t\t\t\t\t\t\t\t<img decoding=\"async\" width=\"584\" height=\"296\" src=\"https:\/\/www.happeningcreation.com\/wp-content\/uploads\/Capture-decran-2024-05-02-095048-1024x519.png\" class=\"attachment-large size-large wp-image-4459\" alt=\"\" srcset=\"https:\/\/www.happeningcreation.com\/wp-content\/uploads\/Capture-decran-2024-05-02-095048-1024x519.png 1024w, https:\/\/www.happeningcreation.com\/wp-content\/uploads\/Capture-decran-2024-05-02-095048-300x152.png 300w, https:\/\/www.happeningcreation.com\/wp-content\/uploads\/Capture-decran-2024-05-02-095048-768x389.png 768w, https:\/\/www.happeningcreation.com\/wp-content\/uploads\/Capture-decran-2024-05-02-095048-500x253.png 500w, https:\/\/www.happeningcreation.com\/wp-content\/uploads\/Capture-decran-2024-05-02-095048.png 1160w\" sizes=\"(max-width: 584px) 100vw, 584px\" \/>\t\t\t\t\t\t\t\t\t\t\t\t\t\t\t<\/div>\n\t\t\t\t<\/div>\n\t\t\t\t\t<\/div>\n\t\t<\/div>\n\t\t\t\t\t<\/div>\n\t\t<\/section>\n\t\t\t\t<section class=\"elementor-section elementor-top-section elementor-element elementor-element-3777359 elementor-section-boxed elementor-section-height-default elementor-section-height-default\" data-id=\"3777359\" data-element_type=\"section\" data-e-type=\"section\">\n\t\t\t\t\t\t<div class=\"elementor-container elementor-column-gap-default\">\n\t\t\t\t\t<div class=\"elementor-column elementor-col-100 elementor-top-column elementor-element elementor-element-13d343f\" data-id=\"13d343f\" data-element_type=\"column\" data-e-type=\"column\">\n\t\t\t<div class=\"elementor-widget-wrap elementor-element-populated\">\n\t\t\t\t\t\t<div class=\"elementor-element elementor-element-b48c223 elementor-widget elementor-widget-image\" data-id=\"b48c223\" data-element_type=\"widget\" data-e-type=\"widget\" data-widget_type=\"image.default\">\n\t\t\t\t<div class=\"elementor-widget-container\">\n\t\t\t\t\t\t\t\t\t\t\t\t\t\t\t<img decoding=\"async\" width=\"584\" height=\"212\" src=\"https:\/\/www.happeningcreation.com\/wp-content\/uploads\/Capture-decran-2024-05-02-095125-1024x372.png\" class=\"attachment-large size-large wp-image-4460\" alt=\"\" srcset=\"https:\/\/www.happeningcreation.com\/wp-content\/uploads\/Capture-decran-2024-05-02-095125-1024x372.png 1024w, https:\/\/www.happeningcreation.com\/wp-content\/uploads\/Capture-decran-2024-05-02-095125-300x109.png 300w, https:\/\/www.happeningcreation.com\/wp-content\/uploads\/Capture-decran-2024-05-02-095125-768x279.png 768w, https:\/\/www.happeningcreation.com\/wp-content\/uploads\/Capture-decran-2024-05-02-095125-500x182.png 500w, https:\/\/www.happeningcreation.com\/wp-content\/uploads\/Capture-decran-2024-05-02-095125.png 1175w\" sizes=\"(max-width: 584px) 100vw, 584px\" \/>\t\t\t\t\t\t\t\t\t\t\t\t\t\t\t<\/div>\n\t\t\t\t<\/div>\n\t\t\t\t\t<\/div>\n\t\t<\/div>\n\t\t\t\t\t<\/div>\n\t\t<\/section>\n\t\t\t\t<section class=\"elementor-section elementor-top-section elementor-element elementor-element-fd2a9b7 elementor-section-boxed elementor-section-height-default elementor-section-height-default\" data-id=\"fd2a9b7\" data-element_type=\"section\" data-e-type=\"section\">\n\t\t\t\t\t\t<div class=\"elementor-container elementor-column-gap-default\">\n\t\t\t\t\t<div class=\"elementor-column elementor-col-100 elementor-top-column elementor-element elementor-element-2c355bb\" data-id=\"2c355bb\" data-element_type=\"column\" data-e-type=\"column\">\n\t\t\t<div class=\"elementor-widget-wrap elementor-element-populated\">\n\t\t\t\t\t\t<div class=\"elementor-element elementor-element-ec3aa0c elementor-widget elementor-widget-image\" data-id=\"ec3aa0c\" data-element_type=\"widget\" data-e-type=\"widget\" data-widget_type=\"image.default\">\n\t\t\t\t<div class=\"elementor-widget-container\">\n\t\t\t\t\t\t\t\t\t\t\t\t\t\t\t<img loading=\"lazy\" decoding=\"async\" width=\"584\" height=\"241\" src=\"https:\/\/www.happeningcreation.com\/wp-content\/uploads\/Capture-decran-2024-05-02-104049-1024x422.png\" class=\"attachment-large size-large wp-image-4465\" alt=\"\" srcset=\"https:\/\/www.happeningcreation.com\/wp-content\/uploads\/Capture-decran-2024-05-02-104049-1024x422.png 1024w, https:\/\/www.happeningcreation.com\/wp-content\/uploads\/Capture-decran-2024-05-02-104049-300x124.png 300w, https:\/\/www.happeningcreation.com\/wp-content\/uploads\/Capture-decran-2024-05-02-104049-768x316.png 768w, https:\/\/www.happeningcreation.com\/wp-content\/uploads\/Capture-decran-2024-05-02-104049-500x206.png 500w, https:\/\/www.happeningcreation.com\/wp-content\/uploads\/Capture-decran-2024-05-02-104049.png 1206w\" sizes=\"(max-width: 584px) 100vw, 584px\" \/>\t\t\t\t\t\t\t\t\t\t\t\t\t\t\t<\/div>\n\t\t\t\t<\/div>\n\t\t\t\t\t<\/div>\n\t\t<\/div>\n\t\t\t\t\t<\/div>\n\t\t<\/section>\n\t\t\t\t<\/div>\n\t\t","protected":false},"excerpt":{"rendered":"<p>LA CONDITION DES SOIES DU 5 AU 26\/07 2025 REL\u00c2CHE LES 9,16 ET 23 JUILLET . UN TEXTE DE MANON CHIVET ET ROMUALD BORYS UNE MISE EN SC\u00c8NE DE ROMUALD BORYS AVEC : MANON CHIVET ET JIMMY DAUMAS DUREE : &hellip; <a href=\"https:\/\/www.happeningcreation.com\/?page_id=4041\">Continuer la lecture <span class=\"meta-nav\">&rarr;<\/span><\/a><\/p>\n","protected":false},"author":1,"featured_media":0,"parent":0,"menu_order":0,"comment_status":"closed","ping_status":"closed","template":"","meta":{"om_disable_all_campaigns":false,"_exactmetrics_skip_tracking":false,"_exactmetrics_sitenote_active":false,"_exactmetrics_sitenote_note":"","_exactmetrics_sitenote_category":0,"_monsterinsights_skip_tracking":false,"_monsterinsights_sitenote_active":false,"_monsterinsights_sitenote_note":"","_monsterinsights_sitenote_category":0,"footnotes":""},"class_list":["post-4041","page","type-page","status-publish","hentry"],"aioseo_notices":[],"_links":{"self":[{"href":"https:\/\/www.happeningcreation.com\/index.php?rest_route=\/wp\/v2\/pages\/4041","targetHints":{"allow":["GET"]}}],"collection":[{"href":"https:\/\/www.happeningcreation.com\/index.php?rest_route=\/wp\/v2\/pages"}],"about":[{"href":"https:\/\/www.happeningcreation.com\/index.php?rest_route=\/wp\/v2\/types\/page"}],"author":[{"embeddable":true,"href":"https:\/\/www.happeningcreation.com\/index.php?rest_route=\/wp\/v2\/users\/1"}],"replies":[{"embeddable":true,"href":"https:\/\/www.happeningcreation.com\/index.php?rest_route=%2Fwp%2Fv2%2Fcomments&post=4041"}],"version-history":[{"count":41,"href":"https:\/\/www.happeningcreation.com\/index.php?rest_route=\/wp\/v2\/pages\/4041\/revisions"}],"predecessor-version":[{"id":4800,"href":"https:\/\/www.happeningcreation.com\/index.php?rest_route=\/wp\/v2\/pages\/4041\/revisions\/4800"}],"wp:attachment":[{"href":"https:\/\/www.happeningcreation.com\/index.php?rest_route=%2Fwp%2Fv2%2Fmedia&parent=4041"}],"curies":[{"name":"wp","href":"https:\/\/api.w.org\/{rel}","templated":true}]}}